{"id":491,"date":"2020-09-10T08:39:10","date_gmt":"2020-09-10T06:39:10","guid":{"rendered":"https:\/\/affiches-sete.com\/?post_type=product&#038;p=491"},"modified":"2025-04-07T21:40:27","modified_gmt":"2025-04-07T19:40:27","slug":"affiche-sete-cyanotype-pouffre","status":"publish","type":"product","link":"https:\/\/fromsetewithlove.com\/index.php\/produit\/affiche-sete-cyanotype-pouffre\/","title":{"rendered":"Cyanotype : Pouffre"},"content":{"rendered":"<p>Tirage d&#8217;une photographie en cyanotype d&#8217;un poulpe.<\/p>\n<p>Format 13 x 18 cm<\/p>\n<p>ATTENTION: Les traces au pinceau et la forme de l&#8217;arri\u00e8re plan varient d&#8217;un tirage \u00e0 l&#8217;autre car j&#8217;enduis moi m\u00eame au pinceau le papier du liquide photosencible.<\/p>\n","protected":false},"excerpt":{"rendered":"<p>Tirage d&#8217;une photographie en cyanotype d&#8217;un poulpe.<\/p>\n<p>Format 13 x 18 cm<\/p>\n","protected":false},"featured_media":494,"template":"","meta":[],"product_brand":[],"product_cat":[18],"product_tag":[],"class_list":{"0":"post-491","1":"product","2":"type-product","3":"status-publish","4":"has-post-thumbnail","6":"product_cat-cyanotype","8":"first","9":"outofstock","10":"sale","11":"shipping-taxable","12":"purchasable","13":"product-type-variable","14":"has-default-attributes"},"jetpack_sharing_enabled":true,"_links":{"self":[{"href":"https:\/\/fromsetewithlove.com\/index.php\/wp-json\/wp\/v2\/product\/491","targetHints":{"allow":["GET"]}}],"collection":[{"href":"https:\/\/fromsetewithlove.com\/index.php\/wp-json\/wp\/v2\/product"}],"about":[{"href":"https:\/\/fromsetewithlove.com\/index.php\/wp-json\/wp\/v2\/types\/product"}],"wp:featuredmedia":[{"embeddable":true,"href":"https:\/\/fromsetewithlove.com\/index.php\/wp-json\/wp\/v2\/media\/494"}],"wp:attachment":[{"href":"https:\/\/fromsetewithlove.com\/index.php\/wp-json\/wp\/v2\/media?parent=491"}],"wp:term":[{"taxonomy":"product_brand","embeddable":true,"href":"https:\/\/fromsetewithlove.com\/index.php\/wp-json\/wp\/v2\/product_brand?post=491"},{"taxonomy":"product_cat","embeddable":true,"href":"https:\/\/fromsetewithlove.com\/index.php\/wp-json\/wp\/v2\/product_cat?post=491"},{"taxonomy":"product_tag","embeddable":true,"href":"https:\/\/fromsetewithlove.com\/index.php\/wp-json\/wp\/v2\/product_tag?post=491"}],"curies":[{"name":"wp","href":"https:\/\/api.w.org\/{rel}","templated":true}]}}